{"id":4838,"date":"2026-01-07T13:16:52","date_gmt":"2026-01-07T12:16:52","guid":{"rendered":"https:\/\/geschwister-scholl-schule-niedergirmes.de\/?page_id=4838"},"modified":"2026-01-07T13:16:52","modified_gmt":"2026-01-07T12:16:52","slug":"imkerbesuch-beim-bienenprojekt","status":"publish","type":"page","link":"https:\/\/geschwister-scholl-schule-niedergirmes.de\/?page_id=4838","title":{"rendered":"Imkerbesuch beim &#8222;Bienenprojekt&#8220;"},"content":{"rendered":"<p>In der Projektwoche vom 12.06.23 &#8211; 16.06.23 besch\u00e4ftigten sich die Kinder der Jahrgangsstufe E1 mit ihren Klassenlehrerinnen Frau Bringezu und Frau Heinz und ihrem Klassenlehrer Herrn Christ mit dem Projekt &#8222;Bienen &#8211; kleine Superhelden im Einsatz f\u00fcr unsere Erde&#8220;. Die\u00a0 Kinder erfuhren bei der Gestaltung der Lapbooks, wie aus dem &#8222;Ei eine Biene&#8220; entsteht, welche Aufgaben eine Arbeiterbiene hat, woher der Honig kommt und dass im Bienenstock Arbeiterbienen, Drohnen und eine Bienenk\u00f6nigin leben.<\/p>\n<p>Ein ganz besonderes Erlebnis stellte der Besuch von Herrn Poetsch vom Imkerverein Wetzlar dar. In\u00a0drei Kleingruppen konnten die Kinder zun\u00e4chst Fragen zu den Themen Bienen, wie Honig entsteht und den Aufgaben eines Imkers stellen. Herr Poetsch erz\u00e4hlte den Kindern geduldig, wie u.a. das Leben der Bienen im Bienenstock abl\u00e4uft, woran man eine K\u00f6nigin erkennt und welche verschiedenen Aufgaben die Bienen im Laufe ihres Lebens haben.<\/p>\n<p>Herr Poetsch hatte einen Imkerhut, eine Fotobeute, einen Smoker und ein Bienenvolk dabei. Der Imkerhut und die Imkerjacke durften von den Kindern anprobiert werden, was diese auch begeistert taten. Auch die Funktionsweise des Smokers wurde gezeigt und die Kinder durften mit dem Smoker Rauch erzeugen.<\/p>\n<p>Dann ging es endlich zu den Bienen. Herr Poetsch hatte eine Fotobeute zur Veranschaulichung des Inneren eines Bienenstocks und nat\u00fcrlich eine Kiste mit einem lebenden Bienenvolk dabei. Die Kinder konnten an den Waben mit den Fotobienen die K\u00f6nigin finden und erfuhren, dass die Farbe der Nummer, welche\u00a0 die K\u00f6nigin auf ihrem R\u00fccken tr\u00e4gt, verr\u00e4t wie alt die K\u00f6nigin bereits ist.<\/p>\n<p>Das Highlight war f\u00fcr die Kinder nat\u00fcrlich die Wabe mit dem lebenden Bienenvolk, das durch den Schaukasten gut beobachtet werden konnte. Die Bienenk\u00f6nigin wurde von den Kindern schnell gefunden. Die Kinder entdeckten, dass einige Bienen kopf\u00fcber in einzelnen Waben verschwanden, um diese zu s\u00e4ubern und auch einige Rundmaden waren in den Waben gut zu erkennen.<\/p>\n<p>Am Freitag, den 16.06.23 konnten sich die Bienenforscher in der Fr\u00fchst\u00fcckspause mit Honigbroten st\u00e4rken, deren Honig von Herrn Poetschs eigenen Bienen stammte.<\/p>\n<p>Durch die Auseinandersetzung mit dem Thema Bienen wurde den Kindern bewusst, welche wichtige Aufgabe die Bienen f\u00fcr uns Menschen erf\u00fcllen, ohne deren Best\u00e4ubungsarbeit uns sehr viel weniger \u00a0Lebensmittel zur Verf\u00fcgung stehen w\u00fcrden.<\/p>\n<p>Wir m\u00f6chten uns ganz herzlich f\u00fcr diesen interessanten und spannenden Bienentag mit Herrn Poetsch vom Imkerverein Wetzlar bedanken.<\/p>\n","protected":false},"excerpt":{"rendered":"<p>In der Projektwoche vom 12.06.23 &#8211; 16.06.23 besch\u00e4ftigten sich die Kinder der Jahrgangsstufe E1 mit ihren Klassenlehrerinnen Frau Bringezu und Frau Heinz und ihrem Klassenlehrer Herrn Christ mit dem Projekt &#8222;Bienen &#8211; kleine Superhelden im Einsatz f\u00fcr unsere Erde&#8220;. Die\u00a0 Kinder erfuhren bei der Gestaltung der Lapbooks, wie aus dem &#8222;Ei eine Biene&#8220; entsteht, welche Aufgaben eine Arbeiterbiene hat, woher der Honig kommt und dass im Bienenstock Arbeiterbienen, Drohnen und eine Bienenk\u00f6nigin leben. Ein ganz besonderes Erlebnis stellte der Besuch von Herrn Poetsch vom Imkerverein Wetzlar dar. In\u00a0drei Kleingruppen konnten die Kinder zun\u00e4chst Fragen zu den Themen Bienen, wie Honig entsteht und den Aufgaben eines Imkers stellen. Herr Poetsch erz\u00e4hlte den Kindern geduldig, wie u.a. das Leben der Bienen im Bienenstock abl\u00e4uft, woran man eine K\u00f6nigin erkennt und welche verschiedenen Aufgaben die Bienen im Laufe ihres Lebens haben. Herr Poetsch hatte einen Imkerhut, eine Fotobeute, einen Smoker und ein Bienenvolk dabei. Der Imkerhut und die Imkerjacke durften von den Kindern anprobiert werden, was diese auch begeistert taten. Auch die Funktionsweise des Smokers wurde gezeigt und die Kinder durften mit dem Smoker Rauch erzeugen. Dann ging es endlich zu den Bienen. Herr Poetsch hatte eine Fotobeute zur Veranschaulichung des Inneren eines Bienenstocks und nat\u00fcrlich eine Kiste mit einem lebenden Bienenvolk dabei. Die Kinder konnten an den Waben mit den Fotobienen die K\u00f6nigin finden und erfuhren, dass die Farbe der Nummer, welche\u00a0 die K\u00f6nigin auf ihrem R\u00fccken tr\u00e4gt, verr\u00e4t wie alt die K\u00f6nigin bereits ist. Das Highlight war f\u00fcr die Kinder nat\u00fcrlich die Wabe mit dem lebenden Bienenvolk, das durch den Schaukasten gut beobachtet werden konnte. Die Bienenk\u00f6nigin wurde von den Kindern schnell gefunden. Die Kinder entdeckten, dass einige Bienen kopf\u00fcber in einzelnen Waben verschwanden, um diese zu s\u00e4ubern und auch einige Rundmaden waren in den Waben gut zu erkennen. Am Freitag, den 16.06.23 konnten sich die Bienenforscher in der Fr\u00fchst\u00fcckspause mit Honigbroten st\u00e4rken, deren Honig von Herrn Poetschs eigenen Bienen stammte. Durch die Auseinandersetzung mit dem Thema Bienen wurde den Kindern bewusst, welche wichtige Aufgabe die Bienen f\u00fcr uns Menschen erf\u00fcllen, ohne deren Best\u00e4ubungsarbeit uns sehr viel weniger \u00a0Lebensmittel zur Verf\u00fcgung stehen w\u00fcrden. Wir m\u00f6chten uns ganz herzlich f\u00fcr diesen interessanten und spannenden Bienentag mit Herrn Poetsch vom Imkerverein Wetzlar bedanken.<\/p>\n","protected":false},"author":1,"featured_media":0,"parent":0,"menu_order":0,"comment_status":"closed","ping_status":"closed","template":"","meta":{"footnotes":""},"class_list":["post-4838","page","type-page","status-publish","hentry"],"_links":{"self":[{"href":"https:\/\/geschwister-scholl-schule-niedergirmes.de\/index.php?rest_route=\/wp\/v2\/pages\/4838","targetHints":{"allow":["GET"]}}],"collection":[{"href":"https:\/\/geschwister-scholl-schule-niedergirmes.de\/index.php?rest_route=\/wp\/v2\/pages"}],"about":[{"href":"https:\/\/geschwister-scholl-schule-niedergirmes.de\/index.php?rest_route=\/wp\/v2\/types\/page"}],"author":[{"embeddable":true,"href":"https:\/\/geschwister-scholl-schule-niedergirmes.de\/index.php?rest_route=\/wp\/v2\/users\/1"}],"replies":[{"embeddable":true,"href":"https:\/\/geschwister-scholl-schule-niedergirmes.de\/index.php?rest_route=%2Fwp%2Fv2%2Fcomments&post=4838"}],"version-history":[{"count":1,"href":"https:\/\/geschwister-scholl-schule-niedergirmes.de\/index.php?rest_route=\/wp\/v2\/pages\/4838\/revisions"}],"predecessor-version":[{"id":4840,"href":"https:\/\/geschwister-scholl-schule-niedergirmes.de\/index.php?rest_route=\/wp\/v2\/pages\/4838\/revisions\/4840"}],"wp:attachment":[{"href":"https:\/\/geschwister-scholl-schule-niedergirmes.de\/index.php?rest_route=%2Fwp%2Fv2%2Fmedia&parent=4838"}],"curies":[{"name":"wp","href":"https:\/\/api.w.org\/{rel}","templated":true}]}}