{"id":4789,"date":"2026-01-05T12:47:54","date_gmt":"2026-01-05T11:47:54","guid":{"rendered":"https:\/\/geschwister-scholl-schule-niedergirmes.de\/?page_id=4789"},"modified":"2026-01-05T12:47:54","modified_gmt":"2026-01-05T11:47:54","slug":"ein-paradies-fuer-bienen-unser-bluetenreich","status":"publish","type":"page","link":"https:\/\/geschwister-scholl-schule-niedergirmes.de\/?page_id=4789","title":{"rendered":"Ein Paradies f\u00fcr Bienen \u2013 Unser Bl\u00fctenreich"},"content":{"rendered":"<p>Im Herbst 2023 haben wir von der Imkervereinigung Wetzlar einige bienenfreundliche Pflanzen geschenkt bekommen. Diese Pflanzen machen unser Schulgel\u00e4nde sch\u00f6ner und helfen auch den Bienen.<\/p>\n<p>Im April haben unsere Sch\u00fclerinnen und Sch\u00fcler das Beet von Unkraut befreit, damit die Pflanzen gut wachsen k\u00f6nnen.<\/p>\n<p>Jetzt sind schon die ersten Bl\u00fcten zu sehen, und die Rose bl\u00fcht pr\u00e4chtig. Das zeigt, wie wichtig es ist, sich um die Pflanzen zu k\u00fcmmern, damit Bienen und andere Insekten dort Futter und ein Zuhause finden.<\/p>\n<p>Bienen und Insekten sind sehr wichtig f\u00fcr die Natur. Sie helfen, dass viele Pflanzen wachsen k\u00f6nnen.<\/p>\n<p>Die Arbeit der Sch\u00fcler macht das Beet zu einem spannenden Lernort, wo viel \u00fcber die Natur gelernt werden kann.<\/p>\n<p>Wir danken der Imkervereinigung Wetzlar f\u00fcr ihre Hilfe und freuen uns, das Beet weiter wachsen zu sehen.<\/p>\n<p>Hier sind ein paar Fotos, die zeigen, wie es aussieht: zwei von der Arbeit am Beet und zwei vom jetzigen Zustand mit den bl\u00fchenden Pflanzen.<\/p>\n<p><a href=\"https:\/\/geschwister-scholl-schule-niedergirmes.de\/?attachment_id=4554\" rel=\"attachment wp-att-4554\"><img loading=\"lazy\" decoding=\"async\" class=\"aligncenter size-large wp-image-4554\" src=\"https:\/\/geschwister-scholl-schule-niedergirmes.de\/wp-content\/uploads\/2025\/06\/Bild-Blumenbeet-1024x657.png\" alt=\"\" width=\"900\" height=\"577\" srcset=\"https:\/\/geschwister-scholl-schule-niedergirmes.de\/wp-content\/uploads\/2025\/06\/Bild-Blumenbeet-1024x657.png 1024w, https:\/\/geschwister-scholl-schule-niedergirmes.de\/wp-content\/uploads\/2025\/06\/Bild-Blumenbeet-300x192.png 300w, https:\/\/geschwister-scholl-schule-niedergirmes.de\/wp-content\/uploads\/2025\/06\/Bild-Blumenbeet-768x493.png 768w, https:\/\/geschwister-scholl-schule-niedergirmes.de\/wp-content\/uploads\/2025\/06\/Bild-Blumenbeet.png 1065w\" sizes=\"auto, (max-width: 900px) 100vw, 900px\" \/><\/a><\/p>\n","protected":false},"excerpt":{"rendered":"<p>Im Herbst 2023 haben wir von der Imkervereinigung Wetzlar einige bienenfreundliche Pflanzen geschenkt bekommen. Diese Pflanzen machen unser Schulgel\u00e4nde sch\u00f6ner und helfen auch den Bienen. Im April haben unsere Sch\u00fclerinnen und Sch\u00fcler das Beet von Unkraut befreit, damit die Pflanzen gut wachsen k\u00f6nnen. Jetzt sind schon die ersten Bl\u00fcten zu sehen, und die Rose bl\u00fcht pr\u00e4chtig. Das zeigt, wie wichtig es ist, sich um die Pflanzen zu k\u00fcmmern, damit Bienen und andere Insekten dort Futter und ein Zuhause finden. Bienen und Insekten sind sehr wichtig f\u00fcr die Natur. Sie helfen, dass viele Pflanzen wachsen k\u00f6nnen. Die Arbeit der Sch\u00fcler macht das Beet zu einem spannenden Lernort, wo viel \u00fcber die Natur gelernt werden kann. Wir danken der Imkervereinigung Wetzlar f\u00fcr ihre Hilfe und freuen uns, das Beet weiter wachsen zu sehen. Hier sind ein paar Fotos, die zeigen, wie es aussieht: zwei von der Arbeit am Beet und zwei vom jetzigen Zustand mit den bl\u00fchenden Pflanzen.<\/p>\n","protected":false},"author":1,"featured_media":0,"parent":0,"menu_order":0,"comment_status":"closed","ping_status":"closed","template":"","meta":{"footnotes":""},"class_list":["post-4789","page","type-page","status-publish","hentry"],"_links":{"self":[{"href":"https:\/\/geschwister-scholl-schule-niedergirmes.de\/index.php?rest_route=\/wp\/v2\/pages\/4789","targetHints":{"allow":["GET"]}}],"collection":[{"href":"https:\/\/geschwister-scholl-schule-niedergirmes.de\/index.php?rest_route=\/wp\/v2\/pages"}],"about":[{"href":"https:\/\/geschwister-scholl-schule-niedergirmes.de\/index.php?rest_route=\/wp\/v2\/types\/page"}],"author":[{"embeddable":true,"href":"https:\/\/geschwister-scholl-schule-niedergirmes.de\/index.php?rest_route=\/wp\/v2\/users\/1"}],"replies":[{"embeddable":true,"href":"https:\/\/geschwister-scholl-schule-niedergirmes.de\/index.php?rest_route=%2Fwp%2Fv2%2Fcomments&post=4789"}],"version-history":[{"count":1,"href":"https:\/\/geschwister-scholl-schule-niedergirmes.de\/index.php?rest_route=\/wp\/v2\/pages\/4789\/revisions"}],"predecessor-version":[{"id":4791,"href":"https:\/\/geschwister-scholl-schule-niedergirmes.de\/index.php?rest_route=\/wp\/v2\/pages\/4789\/revisions\/4791"}],"wp:attachment":[{"href":"https:\/\/geschwister-scholl-schule-niedergirmes.de\/index.php?rest_route=%2Fwp%2Fv2%2Fmedia&parent=4789"}],"curies":[{"name":"wp","href":"https:\/\/api.w.org\/{rel}","templated":true}]}}