{"id":4743,"date":"2026-01-05T12:21:18","date_gmt":"2026-01-05T11:21:18","guid":{"rendered":"https:\/\/geschwister-scholl-schule-niedergirmes.de\/?page_id=4743"},"modified":"2026-01-05T12:21:18","modified_gmt":"2026-01-05T11:21:18","slug":"projekt-apfel","status":"publish","type":"page","link":"https:\/\/geschwister-scholl-schule-niedergirmes.de\/?page_id=4743","title":{"rendered":"Projekt Apfel"},"content":{"rendered":"<p>Passend zum Projekt &#8222;Apfel&#8220; wanderten die Klassen der Eingangsstufe (E1) auf den Simberg zum \u00c4pfel sammeln. Nach einer reichen Ernte mit Picknick wurden die \u00c4pfel in der Schule zwischengelagert. In der gleichen Woche hatten sich Herr Reinhardt und Herr Lambertz zum Apfelkeltern angek\u00fcndigt. Sie erkl\u00e4rten den Kindern wie Apfelsaft hergestellt wird. Zun\u00e4chst wurden die \u00c4pfel von den Kindern gr\u00fcndlich gewaschen. Anschlie\u00dfend wurden die \u00c4pfel geviertelt und in die Zerkleinerungsm\u00fchle gesch\u00fcttet. Danach durften die Kinder die Kurbel bet\u00e4tigen und die \u00c4pfel wurden in kleine St\u00fcckchen zerhackt, bevor sie in die Apfelpresse gef\u00fcllt wurden. Nun wurden die \u00c4pfel zusammengepresst. Staunend konnten die Kinder beobachten, wie der Saft in einen Eimer lief. Nat\u00fcrlich durften alle den frischen Saft probieren. &#8222;Hm, lecker, der schmeckt ja viel besser, als aus der T\u00fcte.&#8220; stellten einige Kinder fest. auch die Kinder der E2 konnten den Saft probieren, da gen\u00fcgend \u00c4pfel gesammelt wurden. Das Team der E1 und E2 bedanken sich von Herzen bei Herrn Reinhardt und Herrn Lambertz, daf\u00fcr, dass sie dieses tolle Projekt m\u00f6glich gemacht haben.<\/p>\n<p><a href=\"https:\/\/geschwister-scholl-schule-niedergirmes.de\/?attachment_id=4642\" rel=\"attachment wp-att-4642\"><img loading=\"lazy\" decoding=\"async\" class=\"aligncenter size-full wp-image-4642\" src=\"https:\/\/geschwister-scholl-schule-niedergirmes.de\/wp-content\/uploads\/2025\/10\/Apfelpressen.png\" alt=\"\" width=\"866\" height=\"605\" srcset=\"https:\/\/geschwister-scholl-schule-niedergirmes.de\/wp-content\/uploads\/2025\/10\/Apfelpressen.png 866w, https:\/\/geschwister-scholl-schule-niedergirmes.de\/wp-content\/uploads\/2025\/10\/Apfelpressen-300x210.png 300w, https:\/\/geschwister-scholl-schule-niedergirmes.de\/wp-content\/uploads\/2025\/10\/Apfelpressen-768x537.png 768w\" sizes=\"auto, (max-width: 866px) 100vw, 866px\" \/><\/a> <a href=\"https:\/\/geschwister-scholl-schule-niedergirmes.de\/?attachment_id=4643\" rel=\"attachment wp-att-4643\"><img loading=\"lazy\" decoding=\"async\" class=\"aligncenter size-large wp-image-4643\" src=\"https:\/\/geschwister-scholl-schule-niedergirmes.de\/wp-content\/uploads\/2025\/10\/IMG_1426-1024x768.jpeg\" alt=\"\" width=\"900\" height=\"675\" srcset=\"https:\/\/geschwister-scholl-schule-niedergirmes.de\/wp-content\/uploads\/2025\/10\/IMG_1426-1024x768.jpeg 1024w, https:\/\/geschwister-scholl-schule-niedergirmes.de\/wp-content\/uploads\/2025\/10\/IMG_1426-300x225.jpeg 300w, https:\/\/geschwister-scholl-schule-niedergirmes.de\/wp-content\/uploads\/2025\/10\/IMG_1426-768x576.jpeg 768w, https:\/\/geschwister-scholl-schule-niedergirmes.de\/wp-content\/uploads\/2025\/10\/IMG_1426-1536x1152.jpeg 1536w, https:\/\/geschwister-scholl-schule-niedergirmes.de\/wp-content\/uploads\/2025\/10\/IMG_1426-2048x1536.jpeg 2048w, https:\/\/geschwister-scholl-schule-niedergirmes.de\/wp-content\/uploads\/2025\/10\/IMG_1426-1800x1350.jpeg 1800w\" sizes=\"auto, (max-width: 900px) 100vw, 900px\" \/><\/a> <a href=\"https:\/\/geschwister-scholl-schule-niedergirmes.de\/?attachment_id=4644\" rel=\"attachment wp-att-4644\"><img loading=\"lazy\" decoding=\"async\" class=\"aligncenter size-large wp-image-4644\" src=\"https:\/\/geschwister-scholl-schule-niedergirmes.de\/wp-content\/uploads\/2025\/10\/IMG_1441-1024x768.jpeg\" alt=\"\" width=\"900\" height=\"675\" srcset=\"https:\/\/geschwister-scholl-schule-niedergirmes.de\/wp-content\/uploads\/2025\/10\/IMG_1441-1024x768.jpeg 1024w, https:\/\/geschwister-scholl-schule-niedergirmes.de\/wp-content\/uploads\/2025\/10\/IMG_1441-300x225.jpeg 300w, https:\/\/geschwister-scholl-schule-niedergirmes.de\/wp-content\/uploads\/2025\/10\/IMG_1441-768x576.jpeg 768w, https:\/\/geschwister-scholl-schule-niedergirmes.de\/wp-content\/uploads\/2025\/10\/IMG_1441-1536x1152.jpeg 1536w, https:\/\/geschwister-scholl-schule-niedergirmes.de\/wp-content\/uploads\/2025\/10\/IMG_1441-2048x1536.jpeg 2048w, https:\/\/geschwister-scholl-schule-niedergirmes.de\/wp-content\/uploads\/2025\/10\/IMG_1441-1800x1350.jpeg 1800w\" sizes=\"auto, (max-width: 900px) 100vw, 900px\" \/><\/a> <a href=\"https:\/\/geschwister-scholl-schule-niedergirmes.de\/?attachment_id=4645\" rel=\"attachment wp-att-4645\"><img loading=\"lazy\" decoding=\"async\" class=\"aligncenter size-large wp-image-4645\" src=\"https:\/\/geschwister-scholl-schule-niedergirmes.de\/wp-content\/uploads\/2025\/10\/IMG_1382-1024x768.jpeg\" alt=\"\" width=\"900\" height=\"675\" srcset=\"https:\/\/geschwister-scholl-schule-niedergirmes.de\/wp-content\/uploads\/2025\/10\/IMG_1382-1024x768.jpeg 1024w, https:\/\/geschwister-scholl-schule-niedergirmes.de\/wp-content\/uploads\/2025\/10\/IMG_1382-300x225.jpeg 300w, https:\/\/geschwister-scholl-schule-niedergirmes.de\/wp-content\/uploads\/2025\/10\/IMG_1382-768x576.jpeg 768w, https:\/\/geschwister-scholl-schule-niedergirmes.de\/wp-content\/uploads\/2025\/10\/IMG_1382-1536x1152.jpeg 1536w, https:\/\/geschwister-scholl-schule-niedergirmes.de\/wp-content\/uploads\/2025\/10\/IMG_1382-2048x1536.jpeg 2048w, https:\/\/geschwister-scholl-schule-niedergirmes.de\/wp-content\/uploads\/2025\/10\/IMG_1382-1800x1350.jpeg 1800w\" sizes=\"auto, (max-width: 900px) 100vw, 900px\" \/><\/a><\/p>\n","protected":false},"excerpt":{"rendered":"<p>Passend zum Projekt &#8222;Apfel&#8220; wanderten die Klassen der Eingangsstufe (E1) auf den Simberg zum \u00c4pfel sammeln. Nach einer reichen Ernte mit Picknick wurden die \u00c4pfel in der Schule zwischengelagert. In der gleichen Woche hatten sich Herr Reinhardt und Herr Lambertz zum Apfelkeltern angek\u00fcndigt. Sie erkl\u00e4rten den Kindern wie Apfelsaft hergestellt wird. Zun\u00e4chst wurden die \u00c4pfel von den Kindern gr\u00fcndlich gewaschen. Anschlie\u00dfend wurden die \u00c4pfel geviertelt und in die Zerkleinerungsm\u00fchle gesch\u00fcttet. Danach durften die Kinder die Kurbel bet\u00e4tigen und die \u00c4pfel wurden in kleine St\u00fcckchen zerhackt, bevor sie in die Apfelpresse gef\u00fcllt wurden. Nun wurden die \u00c4pfel zusammengepresst. Staunend konnten die Kinder beobachten, wie der Saft in einen Eimer lief. Nat\u00fcrlich durften alle den frischen Saft probieren. &#8222;Hm, lecker, der schmeckt ja viel besser, als aus der T\u00fcte.&#8220; stellten einige Kinder fest. auch die Kinder der E2 konnten den Saft probieren, da gen\u00fcgend \u00c4pfel gesammelt wurden. Das Team der E1 und E2 bedanken sich von Herzen bei Herrn Reinhardt und Herrn Lambertz, daf\u00fcr, dass sie dieses tolle Projekt m\u00f6glich gemacht haben.<\/p>\n","protected":false},"author":1,"featured_media":0,"parent":0,"menu_order":0,"comment_status":"closed","ping_status":"closed","template":"","meta":{"footnotes":""},"class_list":["post-4743","page","type-page","status-publish","hentry"],"_links":{"self":[{"href":"https:\/\/geschwister-scholl-schule-niedergirmes.de\/index.php?rest_route=\/wp\/v2\/pages\/4743","targetHints":{"allow":["GET"]}}],"collection":[{"href":"https:\/\/geschwister-scholl-schule-niedergirmes.de\/index.php?rest_route=\/wp\/v2\/pages"}],"about":[{"href":"https:\/\/geschwister-scholl-schule-niedergirmes.de\/index.php?rest_route=\/wp\/v2\/types\/page"}],"author":[{"embeddable":true,"href":"https:\/\/geschwister-scholl-schule-niedergirmes.de\/index.php?rest_route=\/wp\/v2\/users\/1"}],"replies":[{"embeddable":true,"href":"https:\/\/geschwister-scholl-schule-niedergirmes.de\/index.php?rest_route=%2Fwp%2Fv2%2Fcomments&post=4743"}],"version-history":[{"count":1,"href":"https:\/\/geschwister-scholl-schule-niedergirmes.de\/index.php?rest_route=\/wp\/v2\/pages\/4743\/revisions"}],"predecessor-version":[{"id":4745,"href":"https:\/\/geschwister-scholl-schule-niedergirmes.de\/index.php?rest_route=\/wp\/v2\/pages\/4743\/revisions\/4745"}],"wp:attachment":[{"href":"https:\/\/geschwister-scholl-schule-niedergirmes.de\/index.php?rest_route=%2Fwp%2Fv2%2Fmedia&parent=4743"}],"curies":[{"name":"wp","href":"https:\/\/api.w.org\/{rel}","templated":true}]}}